the prime factors of 5*(-5 - -6) + 415?
2, 3, 5, 7
Let o(f) = f**3 - 8*f**2 - 7*f. Let n(v) = v**3 - 8*v**2 - 8*v + 1. Let m(d) = 5*n(d) - 6*o(d). Let i be m(8). Let a = -12 + i. What are the prime factors of a?
3
Let y(u) = -u**3 + 11*u**2 - 18*u + 1. Let w be y(9). List the prime factors of (w - (-62)/10)*160/16.
2, 3
Suppose -4*s = -s - 9. Let t = s + -1. Suppose -w + t*w + 160 = 5*x, -3*x - 3*w + 78 = 0. What are the prime factors of x?
31
Let n = -48 - -29. Let g be 58/((-1)/((-4)/8)). Let w = g - n. List the prime factors of w.
2, 3
Let f(q) = q**2 - 3*q - 8. Let o be f(5). Let y = 2282 - 1193. What are the prime factors of y/18 + o/4?
61
Let y be (1 - 3/6)/((-2)/(-4)). Let u(h) = 107*h**3 + 2*h**2 - 2*h + 1. What are the prime factors of u(y)?
2, 3
Let p be 3 + (-5 - -2) + 1636. Suppose 11*c - 4375 = -p. What are the prime factors of c?
3, 83
Let w = -558 + 1925. List the prime factors of w.
1367
Let r = -49 - -48. Let j(s) = -170*s**2 - 40*s + 40. Let y(f) = 13*f**2 + 3*f - 3. Let b(c) = 3*j(c) + 40*y(c). What are the prime factors of b(r)?
2, 5
Suppose -2*w + 2*t - t + 13 = 0, -2*w + 4 = 2*t. Let f be w - 4 - 1/(-1). Suppose 0 = f*k - 4*p - 36, 4*p - 30 - 32 = -5*k. What are the prime factors of k?
2, 7
List the prime factors of (252/14 + -15)/(1/180).
2, 3, 5
Suppose -h = -5*g + 2*g - 73, 119 = 2*h + 3*g. Suppose 0 = -o + h + 4. What are the prime factors of o?
2, 17
Let y = -1 + 19. Suppose 0 = -2*g, 3*a - g = -0*a + y. What are the prime factors of a?
2, 3
Let g(w) = w**2 - 2*w - 47. What are the prime factors of g(-15)?
2, 13
Let z = 223 + -90. Suppose 5*p - z = -4*c, 2*c - 29 = -2*p + p. List the prime factors of p.
5
Let a be (68 - -14)*(-10)/4. Let p = -109 - a. List the prime factors of p.
2, 3
Let l = 432 - -483. List the prime factors of l.
3, 5, 61
Let p = 813 - 278. What are the prime factors of p?
5, 107
Suppose 0*o - 5*o + 585 = 0. Suppose -4*r + 5*a = -237, 3*r - a = r + o. List the prime factors of r.
2, 29
Let q = -245 + 137. Let f be (1/(-3))/(6/q). Suppose f*x - 47 = 5*x. List the prime factors of x.
47
Suppose 21*p + 1170 = 27*p. List the prime factors of p.
3, 5, 13
Suppose 0*z + z - 4*c = 15, -z + 15 = 2*c. Suppose b - z = -4*b. Suppose r + 4*r + 10 = 5*x, b*x - 10 = r. What are the prime factors of r?
2
Let m = -29 - -29. What are the prime factors of 9 + 0 + -2 + -3 + m?
2
Suppose 12*b - 9887 = 3133. What are the prime factors of b?
5, 7, 31
Suppose -x + 2*x - 5 = 0. Suppose -x*c = -5*q, -2*c - q - 5 = 7. Let k = 8 + c. List the prime factors of k.
2
Suppose -f - 2*w + 10 = 0, w - 17 = -2*f - 0*w. Suppose 0 = f*v - 6*v - 114. List the prime factors of v.
3, 19
What are the prime factors of 14/35 - (-3796)/10?
2, 5, 19
Suppose 12*x = 9*x + 801. List the prime factors of x.
3, 89
List the prime factors of 625 - (2/(-7) - 25/35).
2, 313
Let g be -1 + 2 - (7 + -8). Suppose d - 3*k = 3*d + 5, d + g*k + 4 = 0. List the prime factors of d.
2
Suppose 3*k = 5*w + 2979, 4*w = -4*k + 4080 - 140. What are the prime factors of k?
2, 13, 19
Suppose -19*j = -18*j - 129. What are the prime factors of j?
3, 43
Suppose -d + 2*k + 3 = -k, -4*d + 12 = -4*k. Let a(s) = 5*s**2 - 5*s + 7. What are the prime factors of a(d)?
37
Suppose 23546 + 18470 = 13*v. List the prime factors of v.
2, 101
Let g(f) be the first derivative of -f**3/3 + f**2/2 - f - 9. Let s be g(3). Let z = 9 + s. What are the prime factors of z?
2
Let g = -344 + 718. List the prime factors of g.
2, 11, 17
Suppose 0 = m + 2*v - 59, -5*v = 4*m - 0*v - 224. Let z be (-2)/(-7) + (-72)/(-42). Suppose -o - m = -z*o. What are the prime factors of o?
3, 17
Suppose 7*q = -125 + 13. Let v(b) = -b - 10. List the prime factors of v(q).
2, 3
Let p(m) = m**3 + 5*m**2 + m + 3. Suppose 0*c + 6 = -2*c. Let x be p(c). List the prime factors of x/(-1)*(-1)/3.
2, 3
List the prime factors of (2 - -56)/(-6 + 2912/484).
11, 29
Let u = 682 + -152. List the prime factors of u.
2, 5, 53
Suppose -3*r - r = -228. Let z = r - 8. List the prime factors of z.
7
Suppose 0 = o + 5*j - 2376, 11*j = -3*o + 9*j + 7102. List the prime factors of o.
2, 7, 13
Suppose 2*d - 5*g = 269, -5*d + 901 = 2*g + 214. List the prime factors of d.
137
Let z = 363 - -671. What are the prime factors of z?
2, 11, 47
Suppose 0 = -10*h + 3389 + 2151. List the prime factors of h.
2, 277
Let f = -4 - -4. Suppose v + 3 = -1, -s - 5*v + 80 = f. Suppose 0*t + s = 5*t. What are the prime factors of t?
2, 5
Let k = 2022 + -1382. List the prime factors of k.
2, 5
Let l(g) = 12*g - 5. Suppose 0*s + 4*s + 11 = d, -2*d = s - 22. Let a = d + -9. What are the prime factors of l(a)?
19
Suppose -6*q - 593 = -3521. Suppose -2*w + n + 480 = 0, -q = -2*w + 2*n + n. What are the prime factors of w?
2, 7, 17
What are the prime factors of (-330188)/(-207) - (-2)/(-18)?
5, 11, 29
Suppose -4*h + 216 = -4*n, -4*h = -2*h + 3*n - 83. Let v = h - 4. What are the prime factors of v?
3, 5
Suppose -180 = 17*a - 14*a. Let m = 63 + a. What are the prime factors of m?
3
Suppose 2*z + 2 = 0, 2*z - 2273 - 2240 = -5*b. List the prime factors of b.
3, 7, 43
Suppose -2*s + 20 = 2*s. Let i be (22 + -1 + 2)/(1 + 0). Suppose t = s + i. List the prime factors of t.
2, 7
Let u be (-1)/5 + (-192)/15. Let s = -10 + 33. Let j = s + u. List the prime factors of j.
2, 5
Let n be (-44)/(-1 - 3) + -4. Suppose 2*l - 3*g = 11, 4 = -n*g + 3*g. Suppose -4*c = 0, -l*c - 45 = -f + 34. List the prime factors of f.
79
Suppose 3 - 45 = -3*m - 3*p, -m = 2*p - 16. Let o be ((-198)/24)/((-9)/m). Suppose 5*w - 3*j = 72, 0 = w - 0*j - 4*j - o. List the prime factors of w.
3, 5
Let h(q) = 210*q**2 + 5*q + 3. What are the prime factors of h(-1)?
2, 13
Suppose 4*o = -5*w + 49, -4*w = w - 25. Let h(f) = f**3 - 4*f**2 + 7. List the prime factors of h(o).
79
List the prime factors of 3/(-9) - 57647/(-51).
2, 5, 113
Let h = -39 - -79. Suppose 0 = 3*g + 3*n - 279, 2*g - 151 = -3*n + h. Let l = -58 + g. What are the prime factors of l?
2, 3, 5
Suppose -4*w + 39768 = -3*i, 0 = 4*w - i + 4*i - 39792. List the prime factors of (((-2)/(-6))/(-1))/((-15)/w).
13, 17
Suppose 1983 = 9*b - 6*b. Let r = -296 + b. Suppose 4*d = 9*d - r. List the prime factors of d.
73
Let g = -2878 + 1590. List the prime factors of (-1)/4 - g/32.
2, 5
List the prime factors of 12/(-8)*6304/(-48).
197
Let u = 13 - 5. Let n(l) be the second derivative of -l**4/12 + 11*l**3/6 - l**2 - 5*l - 6. List the prime factors of n(u).
2, 11
Let m = -471 - -707. List the prime factors of m.
2, 59
Let f(y) = 3*y - 23 - 15*y + 0. List the prime factors of f(-10).
97
Suppose -4*z = -2*n - 7796, -6*n = -3*z - 7*n + 5842. List the prime factors of z.
2, 487
Let q(v) = v**3 - 6*v**2 + 55*v + 14. What are the prime factors of q(10)?
2, 241
Let p = 530 + 86. List the prime factors of p.
2, 7, 11
Suppose 0 = 8*d + 4*d + 1488. Let y = d + 266. List the prime factors of y.
2, 71
Suppose 4*v - 106 = -x - x, -2*v = 4*x - 50. What are the prime factors of v/(-36) - (-398)/8?
7
Let b(f) = f**3 + 9*f**2 + 7*f - 5. Let o be b(-8). Let z(y) = 5*y - 9. List the prime factors of z(o).
2, 3
Suppose 3*b + x - 3*x = 642, -4*b = -2*x - 856. Let q = b - 118. List the prime factors of q.
2, 3
Suppose -3*f + o = -5*f + 2147, 0 = -5*f - 3*o + 5370. List the prime factors of f.
3, 7, 17
Let b(r) = -26*r - 11. Let x(k) = -9*k - 4. Let f(w) = 6*b(w) - 17*x(w). Let s be f(8). What are the prime factors of 590/22 - 4/s?
3
Suppose 81*a = 25*a + 19264. List the prime factors of a.
2, 43
Suppose 9*v - 23154 + 3093 = 0. What are the prime factors of v?
3, 743
Suppose a + 1692 = 2*u, 2*a = 5*a + 12. List the prime factors of u.
2, 211
Suppose 4*u + 801 = b, -5*u = -4*b + 1840 + 1419. List the prime factors of b.
821
What are the prime factors of (12/(-14))/((-37)/12432) - -7?
5, 59
Suppose 3*q - 2*q + 33 = 2*s, -3*q = 4*s - 91. Suppose -5*z - n = -s, -z - 5*n = 4*z - 35. Suppose z*u = 4*u - 23. List the prime factors of u.
23
Let u(x) = x**3 - 24 + 5*x - 11*x**2 + 9 + x. What are the prime factors of u(11)?
3, 17
Suppose d + 4*i = 199, -3*i - 45 - 950 = -5*d. List the prime factors of d.
199
Suppose l - 5*l = 5*j - 25, 0 = -2*j + 2. Suppose -l*o + 0*o = -530. What are the prime factors of o?
2, 53
Suppose -6*a + 2*a + 8 = 0. Let f be (-3 - -1*4) + a. What are the p